2 - -92
111
What is the value of -18 + (5 + 1 - (57 - 46)) + 143?
120
Calculate 46 - (-28 + 36 + -1).
39
2 + 47 - (995 + -966)
20
What is (9 - (-10 + 21 + -7)) + -51?
-46
Evaluate (-74 - -42) + -35 + (12 + -3 - -1).
-57
-18 - -23 - (-1 - -43 - (13 + -5))
-29
-49 + (-10 - (10 + -3 + -17))
-49
What is (3 - -8) + -7 - 16?
-12
Evaluate (1052 - 1023) + (13 - 1) + 2.
43
What is 357 + (106 - 238) + -133?
92
What is the value of 26 - ((-3 - -15) + 4 + -12 + 4)?
18
Calculate (3 + -7 - -13 - (-13 - (-16 + 59))) + -7.
58
7 + (62 + (-74 - -52) - (-11 - (-4 - -2)))
56
What is 21 + 394 + -386 + 3 + 1?
33
What is the value of (107 + -209 - -93) + (34 - 0)?
25
(-2 - ((4 - 1) + 4)) + 206 + -163
34
-4 + -9 + (0 - 3 - (7 + 7))
-30
-14 + 9 - (-126 + 52 - -57)
12
Evaluate 3408 - 3436 - (-1 + (-4 - (2 + 0))).
-21
What is 35 + 26 + (3 + 14 - 70)?
8
Calculate 6 - (-12 + 32 - 10 - (28 + 4)).
28
What is -5 - (15 - (-6 - 63 - (-4 + 24)))?
-109
What is the value of (-61 - (92 - 32)) + 61?
-60
Evaluate 1 + -1 + -3 + -54 + (137 - 149).
-69
Evaluate (0 - 11 - (-70 + 52)) + -53.
-46
(-271 - -218) + (-5 - 29) - 4
-91
What is the value of (48 - 86 - -15) + -16?
-39
0 - (1 + 2) - -49 - (-113 - -52 - -54)
53
What is -8 - -1 - -70 - ((3 - 9) + (11 - 2))?
60
Calculate -124 + 2 + 6095 + -5964.
9
What is 2 + 1 + -6 - (-232 - -261)?
-32
What is (-42 - 13) + (0 - -2) + (191 - 205)?
-67
What is 10 + (53 + 2 - 49)?
16
What is the value of -8 - (11 - (5 + (-52 + 46 - (-1 - 26))))?
7
-55 + -102 + 92 + 73
8
What is the value of -349 + 352 - (-3 - (-3 + 2) - -6 - -25)?
-26
What is the value of (-13 - -45) + 3 - 27?
8
Calculate (-43 - ((-8 - (-3 + -16)) + -14)) + 36 + -34.
-38
Evaluate 2 + -7 + -1 - (1107 - 1079).
-34
Evaluate (7 - 8) + 19 + (236 - 233).
21
Calculate -38 + -3 + (47 - 26) + -30.
-50
Calculate 13 - (-45 - (263 + -282 + (-1 - -19))).
57
Calculate 3 - 22 - 66 - -92.
7
What is the value of 96 - 78 - (16 + -4 - -72)?
-66
Calculate 8 - 23 - (166 + -235).
54
Evaluate 13 - 16 - (-10 + -2) - (-2 + 6 - -69).
-64
Evaluate (9 - (19 - (15 + -13 - -2))) + -27.
-33
Evaluate 2 + -4 + 1 - 6 - (1 - -19 - 1).
-26
Calculate 27 + -2 - (-4 + (-7 - (-20 + 0))).
16
What is (-58 - -4) + -7 + 130?
69
Evaluate 69 + (2 + 10 - (-5 + 19 + 32 + -47)).
82
What is the value of 10 - 4 - (0 - -1) - (292 - 253)?
-34
What is the value of 38 - (-9 + 15 + 12) - 3?
17
Calculate 3 + 0 + 0 + -2 - (-143 + 63 + -3).
84
(-1 - (-11 - 5)) + -11 + (55 - 73)
-14
Evaluate 128 + (30 - (-5 + 68)) + 6 + 0.
101
What is the value of (-1 - 1 - 73) + (-23 - -2 - (-119 + 95))?
-72
What is 83 + -20 + -5 + 15 - -20?
93
Evaluate -8 + (-33 - 7) + 20.
-28
What is -68 - (-41 + -18) - (15 + -1) - -3?
-20
Calculate -1 - 34 - (2162 + -2281).
84
Evaluate (-3 - (-8 - -12)) + -1 + 11 + 29.
32
Evaluate -8 + 58 + (-10 - (-11 + 8 + 7)).
36
What is 3 - (62 + -4 + -58)?
3
Calculate -8 - 39 - -31 - (5 + 20).
-41
68 - (5 + (36 - 27 - (-4 + 12)))
62
Calculate -36 + (40 + -67 - -104).
41
Evaluate -4 + -2 + -6 - (-49 - -70).
-33
What is the value of -17 + 21 - 6 - (-21 - -9)?
10
Evaluate -49 + 76 + -37 - ((-5 - -2) + 19).
-26
What is the value of 2 + 6 - (-19 + 62 + -47 + (11 - 0))?
1
What is (1 - -2) + (10 - 8) + -74 - (-51 + 54)?
-72
What is the value of 5 - (7 + (-5 - (11 - 10)) + 2)?
2
-1 + (0 + -3 - -64) - (175 + 181 + -345)
49
Evaluate (-24 - -18) + (-2 - (-1 + 3)) - (-52 + -17).
59
-10 + -1 - (-272 + 313)
-52
What is the value of 17 + (-107 - -26) + 0 + 12?
-52
Calculate 206 + -144 + (1 - 2 - -4 - (157 - 152)).
60
Evaluate (29 - (-25 - -20 - -2)) + 4.
36
Calculate -9 + 17 + (-2 - (-9 + (0 - -11))) + 35.
39
Calculate 0 - 26 - (-3 + (220 - 206)).
-37
What is (-1 - (0 + 0 + -15)) + (-36 - (73 + 17))?
-112
What is -1 - ((-40 - -11) + 38 + (4 - 0) + -26)?
12
What is 4 - (-12 + 1) - (-52 + 62 + 1 + 44)?
-40
What is the value of 59 - (58 - (107 + -201))?
-93
Calculate 30 + (-42 - (-267 + 148)).
107
Evaluate 21 + (14 - (13 + (-9 - -3))).
28
What is the value of (-87 + 0 - 5) + 3 + 1?
-88
Calculate (17 - (-65 - 14 - -12)) + (-11 - 1).
72
Evaluate -40 + 62 + -4 + 7 + 1 + (-8 - 0).
18
30 + (42 - 23) + -26 - 109
-86
What is 11 + -77 + 132 + (1 - 0) + -13 + -2?
52
(1 - -50) + (-4900 - -4780)
-69
Calculate 42 + 57 + (-30 - 29).
40
(-4 - (-13 + -7 - -3)) + -13 + -74
-74
What is the value of 1 + -4 + (-81 + 5 - -51)?
-28
Calculate (257 - 119) + -98 + (-2 - 18).
20
Evaluate 7 + (19 - (13 + 16 + -17)) + -31.
-17
What is the value of -3 + -33 + (-491 - -522)?
-5
What is 187 + (-80 - (-103 + 169))?
41
-25 - ((-54 - -68) + -39)
0
21 - (-4 - (-5 + 10 + -4 + -15))
11
Evaluate -3 - -41 - (1 + 19 + (-15 - 0) - 5).
38
22 + 16 + (-6 + (0 - -3 - 1) - -1)
35
-9 + (-14 - (7 - 17) - -17) + -70
-66
(369 - 492) + (4 - -18) + -1
-102
(564 - 584) + -65 + 4
-81
Calculate (39 - (-15 - -44) - (19 + -2)) + 12 + -25.
-20
Evaluate 78 + -29 + -204 + 85.
-70
Calculate -39 - 10 - (-69 - -33).
-13
-84 - (20 + 25 + -43 + 25 + -10)
-101
Evaluate 2 + 11 + -6 + 2 + -11.
-2
What is the value of -11 - (-3 + (-4 + 3 - 51) + 3)?
41
What is -24 - -11 - (8 + (15 - (-7 + -4)))?
-47
What is -1 - (-2 + 0) - -7 - (-12 + -1 - -53)?
-32
What is the value of (-970 - -1056) + 0 + -12?
74
Evaluate (-23 - (-5 + 38)) + 5 + -2.
-53
Evaluate -34 + (-26 - -121) + (-12 - 6).
43
What is the value of (-36 - -3 - -40) + -31?
-24
What is -32 - -38 - (-55 + (8 - 5) + 4)?
54
What is 2 + 55 + -32 + (-4 - 69)?
-48
Evaluate 1 + 12 + 490 + -524.
-21
Evaluate -2 + 3 + 0 + 8 + -2 + (-11161 - -11067).
-87
What is the value of -367 - -430 - (-5 - (-1 + 2))?
69
Evaluate 3 + (-1 + 3 - 7) + 8 + -21.
-15
What is -39 - (-18 - (36 - -13))?
28
What is -59 + (58 - 3) - (1 - 10)?
5
-7 + 1 - (-43 + 1 + 28 + 15)
-7
What is the value of -20 - (37 + -46 + -22)?
11
Calculate -7 - -6 - (-1 - 1) - (-245 - -322).
-76
What is the value of -19 + (-22 + -7 - -5 - -42)?
-1
What is (-55 - -46) + 24 - -11?
26
Calculate 124 + (-23 - 157) - 22.
-78
-11 + (13 - -42) + -40 - -18
22
24 - (-21 - (24 + -10 + -24))
35
-70 + (-10 - ((-29 + 6 - -10) + -7))
-60
Evaluate -6 + (-49 - -146) + (5 - (-5 + 5 + 16)).
80
Evaluate 34 + -25 - (-119 + 6 - (15 - 22)).
115
Calculate (50 - (-55 + 46)) + -29.
30
Calculate (-11 + -29 + 4 + 13 - -7) + -8.
-24
-39 + -26 - (-14 - ((-22 - -18) + -7))
-62
Calculate -166 + 66 + 76 - (9 + -93).
60
What is the value of (-13 - -6 - -2) + -21?
-26
Evaluate (4 + -4 - 3) + -7 - (-1464 - -1421).
33
What is the value of -35 + -1 + 89 + (-4 - (3 + -5 - -2))?
49
20 - (0 + 17 + 13) - -13
3
What is -12 + 4 + 17 - (17 - 18) - (1 + 47)?
-38
What is 10 + (-31 - 48 - -60)?
-9
Evaluate 33 + -13 + -35 - (4 - -105).
-124
What is -19 - (10 + 9 - (-6 - (19 - -17)))?
-80
Evaluate 4 + (3048 + -3041 - ((-1 - 1) + 10)).
3
205 + (-173 - 38) - (-113 + (-3 - -2))
108
Evaluate 2 + (54 + (0 - -1) - 4) - (68 - 75).
60
(22 - (10 - 14)) + 34 + -156
-96
What is 24 + -81 - 69 - -21?
-105
Evaluate -14 - ((5 + -7 + 19 - (4 + 5)) + -14).
-8
What is -2 - 29 - ((-96 - -44) + 34)?
-13
Evaluate 25 - ((-34 + 52 - 35) + -10).
52
Evaluate 1 - (46 - 20 - (-17 + 21)).
-21
Evaluate 5 - 50 - (-27 + 23 - (3 - -2)).
-36
What is -9 - (-6 + (-15 - -3) + 3) - (17 - -12)?
-23
Calculate -24 - (0 + 3 + 1 - (43 - 44) - 11).
-18
Calculate -8 + -10 - 22 - (50 + -159).
69
Evaluate -1 + (1 - -2 - 4) + (14 - 48 - 0).
-36
Calculate 27 + 37 + -119 + 72.
17
What is (21 + -18 + -13 + 13 - (60 + 1)) + -3?
-61
Evaluate 704 + -700 + (-44 - 4).
-44
What is (-8 - -5) + -2 + -2 - (-54 + 8 - 11)?
50
Evaluate 13 + (55 - 0) + (357 - 384).
41
What is (2897 - 2938 - (0 - 76)) + -13 + 2?
24
Evaluate (-17 - ((-5 + 13 - 2) + (-24 - -13))) + -75.
-87
Evaluate (6 - 1) + -29 - (-76 - -44 - -26).
-18
What is 0 - (-14 - (14 - 8) - -4) - -50?
66
What is 3 + 6 + 1 + -15?
-5
Evaluate 129 + -101 - (5 + -3 + (-1 - 3) + 3).
27
What is -3 - (-46 - (12 - 93))?
-38
What is the value of 16 - (-29 - -52) - ((-1 - -5) + -1 - 16)?
6
What is (7 - (-10 - (5 - (5 - -14)))) + -74?
-71
What is the value of -80 + (67 - (-88 - -120))?
-45
What is 43 + (2 - (9 + 0)) + (-108 - (-224 + 103))?
49
Evaluate 16 - (-9 + 27 - (-10 + -4)).
-16
Evaluate -33 + 20 + (-42 - -109).
54
Evaluate (-98 - -1 - (-33 - (-18 + -10)) - -12) + 3.
-77
What is 21 - -4 - (33 + 10)?
-18
What is -7 + 13 - 6 - (56 - 76)?
20
-3 + (6 - 5) + 5 - 13 - (-91 - -70)
11
1